3, what is 100 + 2101221110021?
2101221110121
In base 2, what is -101110100101001110111 + -1011000?
-101110100101011001111
In base 12, what is 8768451 - 1?
8768450
In base 2, what is 111 + 100100011111101001001011?
100100011111101001010010
In base 6, what is 2 - 50134354540?
-50134354534
In base 13, what is -909265c - 9?
-9092668
In base 13, what is 1 - 77942c?
-77942b
In base 6, what is -1301120241 - -3?
-1301120234
In base 10, what is 23985 - 6296?
17689
In base 15, what is 47b41a5 - 2?
47b41a3
In base 6, what is -303 - 3532100?
-3532403
In base 5, what is 1 + -24332200114?
-24332200113
In base 7, what is 54654316 + -124?
54654162
In base 2, what is 101001111101000 + 100000010011?
101101111111011
In base 4, what is -12 - -3031103210?
3031103132
In base 2, what is 1000100 + -101101001101101100?
-101101001100101000
In base 3, what is -2200011122102220 + -11?
-2200011122110001
In base 13, what is -227b61 + 26?
-227b38
In base 5, what is 314322444 - -24?
314323023
In base 12, what is -8967 - 70?
-8a17
In base 6, what is -54 - -34313153?
34313055
In base 7, what is 30620642 + 13?
30620655
In base 6, what is 4 + 251044144?
251044152
In base 13, what is -24a953 + 0?
-24a953
In base 8, what is -4120 + 57650?
53530
In base 7, what is -210453603 - -2?
-210453601
In base 7, what is 26326 + 12251?
41610
In base 5, what is 133320213 + -4?
133320204
In base 4, what is -13 - -102301220231?
102301220212
In base 6, what is 102151255 - 1152?
102150103
In base 10, what is -30285393 + -1?
-30285394
In base 2, what is -11001010111111000 - 100101?
-11001011000011101
In base 3, what is -1121220101 - -120120100?
-1001100001
In base 7, what is -255430 - 62?
-255522
In base 2, what is -1101101110 + -1110000100011010?
-1110010010001000
In base 13, what is 10b4590 - a?
10b4583
In base 14, what is 15672a - -18?
156744
In base 7, what is 6315 - -20635?
30253
In base 16, what is -344 + -1ac2?
-1e06
In base 14, what is -2 + -25c4d2?
-25c4d4
In base 16, what is 2f1e6 + 43?
2f229
In base 14, what is -64a8c2b - -2?
-64a8c29
In base 4, what is -1103 - -1320031111?
1320030002
In base 7, what is 24 + 46103613?
46103640
In base 11, what is -4a44a - -348?
-4a102
In base 15, what is -2 + -1bc90e17?
-1bc90e19
In base 14, what is c3d + -66a3?
-5864
In base 2, what is -1111110100001110110110 + -11?
-1111110100001110111001
In base 2, what is -11001101 + 10000000011011011000?
10000000011000001011
In base 5, what is 112 - -11101142?
11101304
In base 5, what is -131131343 + 134?
-131131204
In base 7, what is -3 + -10251161101?
-10251161104
In base 8, what is -14553030 + 33?
-14552775
In base 12, what is -5ab277 + 5?
-5ab272
In base 6, what is -305 + 52224?
51515
In base 12, what is -1038a96 - 1?
-1038a97
In base 15, what is -2 + -392c73b?
-392c73d
In base 10, what is 15751 - 2814?
12937
In base 15, what is -456726 + -2?
-456728
In base 7, what is 66414552 + -1?
66414551
In base 6, what is -1113 + -400232?
-401345
In base 3, what is 11 - 2101021210102?
-2101021210021
In base 9, what is 41101 - 26?
41064
In base 2, what is -100001011 + -1100101000001001?
-1100101100010100
In base 15, what is 1241b6 + -a?
1241ab
In base 2, what is 11011011000 - -10111110?
11110010110
In base 14, what is 338cd43 + 3?
338cd46
In base 5, what is 13011404 - -34?
13011443
In base 8, what is 5 - 33227475?
-33227470
In base 3, what is -2000210 + -112211010?
-121211220
In base 9, what is 1006 - 125323?
-124316
In base 13, what is 2 + -8885c?
-8885a
In base 4, what is 331102020303312 + -10?
331102020303302
In base 11, what is 4506 - 20?
4496
In base 8, what is 3 - -30170472?
30170475
In base 6, what is -34443 - -25024?
-5415
In base 11, what is -a31a - 805?
-10024
In base 10, what is -48152916 - -8?
-48152908
In base 11, what is -35062a + -17?
-350646
In base 15, what is 87 - -1acd77?
1ace0e
In base 9, what is 1 + -161452745?
-161452744
In base 14, what is -7 - 133049?
-133052
In base 14, what is -a216 - 78?
-a290
In base 12, what is 23a4278a3 + -1?
23a4278a2
In base 9, what is 327853 - -365?
328328
In base 13, what is -503264 - -b?
-503256
In base 2, what is 11001110010 - 10010100100101011?
-10010001010111001
In base 10, what is -1504190 + -27?
-1504217
In base 7, what is 1 + -12465061540?
-12465061536
In base 15, what is 4 + 12b5dd?
12b5e2
In base 10, what is -1796718 + -123?
-1796841
In base 11, what is 611632a8 + 5?
61163302
In base 12, what is 14b9 + -21025?
-1b728
In base 14, what is 1 - 80a23a8?
-80a23a7
In base 11, what is -1961472 - 52?
-1961514
In base 13, what is 0 - 31b015?
-31b015
In base 16, what is 4 - -39f673a?
39f673e
In base 4, what is -220231100 + 123113?
-220101321
In base 10, what is 303 + 22713?
23016
In base 8, what is 47 + 13114175?
13114244
In base 16, what is -1032 + 2992?
1960
In base 4, what is -30333 - 22302131?
-22333130
In base 8, what is -12545001 - -4?
-12544775
In base 10, what is 1026206 + 4?
1026210
In base 16, what is -89 + -28d262?
-28d2eb
In base 7, what is 0 - -132613541?
132613541
In base 5, what is -132 + -220111431?
-220112113
In base 9, what is -1 - 11727252?
-11727253
In base 10, what is -165 + 716463?
716298
In base 16, what is d6 + 1142b?
11501
In base 9, what is 160656 - 3?
160653
In base 11, what is -3257 - -1219?
-2039
In base 14, what is -20 + 105544?
105524
In base 3, what is 102 + -22112022112120?
-22112022112011
In base 12, what is 18088 + 128?
181b4
In base 8, what is 250 - 300147?
-277677
In base 6, what is 11 - 1145523100?
-1145523045
In base 14, what is 971a - -8d95?
146b1
In base 10, what is -3110 - -27471?
24361
In base 14, what is 3 - -42108d?
421092
In base 5, what is 11002133 + 104212?
11111400
In base 10, what is 1841 + -696351?
-694510
In base 2, what is -101011110100 - 11001101110110?
-11111001101010
In base 7, what is -3 - -26213010?
26213004
In base 10, what is 187 + 1732390?
1732577
In base 15, what is -3d3b8 - 32?
-3d3ea
In base 11, what is -58 - -100a289?
100a231
In base 5, what is 1223343440 - 120?
1223343320
In base 14, what is -12284 - 194?
-12438
In base 16, what is e6aa8 + 6?
e6aae
In base 9, what is 6707 - 226?
6471
In base 13, what is -24b3a95 - -6?
-24b3a8c
In base 8, what is -17226 - 13715?
-33143
In base 8, what is -466164 + 1144?
-465020
In base 11, what is -216 + -136a4?
-1390a
In base 16, what is 16 - 9408d?
-94077
In base 11, what is 2 - -4887072?
4887074
In base 11, what is -1 - -a062558?
a062557
In base 4, what is -2102 + 31310023?
31301321
In base 16, what is -15f + a960?
a801
In base 13, what is -1332 - 2b47?
-4179
In base 11, what is -3 - -426523?
426520
In base 12, what is -220237 - -1?
-220236
In base 11, what is 47435707 - 4?
47435703
In base 5, what is 14 + 141333440?
141334004
In base 4, what is 1030 + -10333221?
-10332131
In base 15, what is -2e3b2ea + 0?
-2e3b2ea
In base 11, what is -7a26877 - 2a?
-7a268a6
In base 5, what is 23240 - 100300?
-22010
In base 12, what is -b68255 - 149?
-b683a2
In base 16, what is -1 + -e1460?
-e1461
In base 4, what is -212330 + -130013001?
-130231331
In base 9, what is 1553840 - 34?
1553805
In base 8, what is 237153 - -755?
240130
In base 12, what is 5 + -118526b1?
-118526a8
In base 14, what is 3658 - -10d13?
1456b
In base 15, what is -2363e - 103?
-23742
In base 4, what is -2 + -1120032120?
-1120032122
In base 15, what is a5aaae21 - 3?
a5aaae1d
In base 16, what is -16 + 15f4a8?
15f492
In base 12, what is -25 - 6549324?
-6549349
In base 12, what is -22 - b582102?
-b582124
In base 11, what is -21 - -5260a?
52599
In base 16, what is -5 - -138c96e?
138c969
In base 2, what is 1 - 1111110011001000011111?
-1111110011001000011110
In base 14, what is -37d - 2bacc7?
-2bb266
In base 5, what is 20 - 33000010?
-32444440
In base 14, what is -6 - 234014?
-23401a
In base 13, what is 988a2 + 1416?
99cb8
In base 11, what is -1414 + -28?
-1441
In base 8, what is -346 + 10775744?
10775376
In base 3, what is 120021 - -22122011?
100012102
In base 9, what is 8380152 - 10?
8380142
In base 9, what is 53 + 327?
381
In base 13, what is -10b78 - -34?
-10b44
In base 13, what is 289 + 7024?
72b0
In base 13, what is -271 + -5839?
-5aaa
In base 9, what is -38543108 - 20?
-38543128
In base 7, what is 506641 + -123?
506515
In base 4, what is -12 - -30013303211?
30013303133
In base 3, what is -21110210000210110 + 12?
-21